 the value of -5 + (2 + -17 + 15 - -14)?
9
What is -7 + -4 + (-5 - (5 + -13 + 3))?
-11
What is the value of 26 + 16 + (15 - 54)?
3
Calculate -34 - -14 - (-3 + -6).
-11
Calculate -12 - (-9 - (0 + -3)) - -16.
10
Evaluate 0 + -32 - (-303 + 286).
-15
Evaluate (-7 - 1) + 58 + (-4 - 30).
16
Evaluate -18 + 29 - (-22 - (-2 - -3)) - 1.
33
What is the value of -5 - (27 - (30 + 6) - (0 + -18))?
-14
What is the value of (1463 - 1462) + (0 - 27)?
-26
What is the value of -4 + -4 + 0 + 40?
32
-7 + (35 - 9) + -31
-12
What is the value of (13 - 16) + -13 - (-5 - 1)?
-10
-7 - (-24 + 23 + 11)
-17
What is -17 + -16 + 8 + 23?
-2
What is the value of -10 - (-8 - 2) - (3 - -7)?
-10
Calculate -29 + 37 + (-9 - (7 + -2)).
-6
What is the value of 16 + (21 - 7) + -44 + 12?
-2
Calculate (-10 - 3 - 3 - -1) + (601 - 600).
-14
-4 + -15 + (7 - -7)
-5
What is the value of 19 - ((0 - 6) + (-58 - -71))?
12
-1 + -5 - (-56 + (13 - -38))
-1
What is -21 - (-20 + 0) - (-12 + 0)?
11
What is -27 - (0 - 33) - (-11 - -1)?
16
Calculate (3 - (14 - 11)) + (4 - (-2 - -4)).
2
(-5 + -1 - -9) + -3 + 16 + -4
12
What is the value of 4 - -1 - (-15 - (-13 + 8 + -3))?
12
What is (1 + -17 - (-9 - -5)) + (47 - 49)?
-14
Calculate -18 + 24 + (-21 - 1).
-16
Evaluate -9 - (13 + 21 - 22).
-21
-35 + 25 + (4 - (2 - -6))
-14
What is -1 - (-1 - 24 - -5)?
19
3 + (11 + -8 - 6) + 10 + -3
7
What is the value of (-37 - -19) + (-3 - (-7 + -2))?
-12
Evaluate 10 + 20 + -2 + (-15 + 19 - 4).
28
What is (27 - (-1 - 0)) + -3 - (-200 + 203)?
22
Calculate -12 + (3 - 0) - (3 - -3).
-15
Evaluate (22 - 18 - -8) + (2 - 1).
13
Evaluate (23 - 54) + -13 - -34.
-10
Evaluate 13 + 2 + (-11 - -4) + 5.
13
Calculate -21 + 18 + (31 - 4).
24
Calculate -2 - (13 + (6 + -10 - 3)).
-8
What is -10 + (8 - 3) + -6 + -5?
-16
Calculate -25 - (-5 + (-11 - -3)).
-12
7 - 12 - -2 - (62 - 28) - -2
-35
What is -5 + 5 + 16 + -24?
-8
Calculate (9 - 1) + (-4 - (-4 + 30 + 0)).
-22
Evaluate -5 + (21 - (6 - -1)).
9
Calculate 26 + (7 + 9 + 2 - 11) + -9.
24
Calculate 0 - (-1 - (2 + -8 + -1)).
-6
Calculate 0 + -8 + -1 + 3 + 12.
6
What is (-4 - (6 - 6)) + (-12 - -4)?
-12
What is the value of (-2 - -3) + 4 - (1 - -7)?
-3
What is 23 + -47 + (9 - -17)?
2
Calculate (-12 - -4) + (4 - -1).
-3
-12 - -7 - (1 + -2 + 0 + 1)
-5
Evaluate -26 + -8 + 38 + -9.
-5
Calculate (-1 - -1 - -9) + (-763 - -772).
18
What is the value of (14 + -17 - (-4 - 27)) + (-4 - -2)?
26
Evaluate 13 + (6 - (16 - 23)).
26
-39 + 129 + -121 + 3 + -12 + 2
-38
What is the value of -1 - -1 - 8 - (14665 - 14689)?
16
Calculate -20 + 6 + (17 - 24).
-21
What is the value of -24 + 1 + 12 - (7 - (-3 - -11))?
-10
Evaluate (0 - -4) + -177 + 161.
-12
Calculate -6 - ((2 - 5 - -7) + 6) - -1.
-15
Calculate (9 - (28 + -11)) + -4.
-12
Evaluate 0 + 7 + (6 - (-5 - -25)) + 14.
7
What is (5 - ((-3 - -3) + (18 - 22))) + -9?
0
What is -4 + 1 + -10 + 17 - -7?
11
What is -1 + (-10 + 4 + 0 - -11 - 6)?
-2
297 - 313 - (-5 - 1)
-10
Evaluate (-35 - 61) + 98 - (1 + -11).
12
Calculate 1 + (8 - (-3 - 0)).
12
What is the value of (0 - (-8 + 1)) + -2 + 0 - -10?
15
What is the value of (0 - 12) + (5 - (-9 + 5) - 13)?
-16
What is -7 + -23 + -9 + 9 + 14?
-16
Calculate -1 - 4 - ((6 - 3) + 0 + 2).
-10
Evaluate -25 + -13 + (-26 - -28).
-36
What is the value of -19 + 3 + (27 - (13 - -5))?
-7
What is the value of -35 - -22 - (-37 + 7)?
17
(4 + (-2 - 7) - -6) + (-35 - -6)
-28
Evaluate 2 - (-11 + -1) - (110 + -108).
12
(-22 - (-25 + -6)) + 3 + -2
10
Evaluate -21 + (4 + 11 - 7) - -4.
-9
What is 6 + (-1 - (7 + (9 - 20) - 3))?
12
(-6 + 2 - -1) + (-10 - -8)
-5
What is the value of 8 + (-20 - -5) + -11 + 0?
-18
What is 20 + 9 + -7 + -22?
0
Calculate (-5 - -25 - 12) + (-2 - -1 - -2).
9
(26 - 33 - (-5 + 1)) + 2 - -5
4
What is -4 + 8 + -30 + 12?
-14
What is 898 - 891 - (-23 + 1 + 1)?
28
Calculate (68 - 58) + -26 + (6 - 2).
-12
What is the value of 25 + -7 + (2 - 4) + 13?
29
What is the value of -3 + 19 - (-338 + 366)?
-12
What is the value of 7 + -25 + 1 - 2?
-19
Evaluate 0 - (6 + 3) - -11 - (6 + -1).
-3
Evaluate -22 + 3 - (61 + -103).
23
What is -343 + 331 - (-1 + -5)?
-6
What is the value of 21 - (13 + (-18 - 3) + 19 + 0)?
10
What is -3 - (-9 + -5 - -12)?
-1
(4 - 0) + -4 + 22 + -10
12
20 + -12 - (-3 + 8) - 16
-13
(339 - 367) + -4 + 1
-31
What is the value of (1 - -5 - (-8 + 6)) + 271 + -282?
-3
Evaluate -4 - (3 + (-2 - 3) + 4).
-6
Calculate (12 - (1 - -1)) + (-777 - -757).
-10
What is -18 + (-9 + -2 + 9 - 14)?
-34
Calculate (-35 - -50) + -36 - -29.
8
What is 6 - (185 - 195 - (2 + (-42 - 2)))?
-26
Calculate (8 - (-14 + 36)) + 3.
-11
What is the value of (35 - 46) + -19 + 0 + 2?
-28
-2 + ((0 - 3) + -2 + 5 - -5)
3
9 + (3 - (-22 + 16) - -8)
26
Evaluate (2 + (0 - -3) + -4 - -4) + -11.
-6
Evaluate (-1 - -1) + (29 + -15 - 21).
-7
Evaluate (30 - (13 + 21)) + (-1 + 12 - 1).
6
What is the value of -9 - (3 - -9 - (-22 - (-18 + -14)))?
-11
What is 2 - -21 - (-27 - -42)?
8
Evaluate -4 - (6 + 2 + 1).
-13
-6 + (7 - (-9 - 4 - -7)) + -7
0
What is the value of (17 - 15) + -16 - -13?
-1
Calculate (-1 + -2 - (16 - 16)) + (-1 - 9).
-13
What is the value of 22 + (-18 - -20) - 20?
4
What is the value of 6 - -9 - 5 - ((3 - 3) + -2)?
12
What is -16 - (-13 + 11 - 14) - 11?
-11
What is 8 - (6 - (-8 - (-8 + 11))) - 1?
-10
9 + (-25 - -31) + -16
-1
What is the value of 18 - (-68 + 69 + (-10 - -2))?
25
Evaluate 1 + (1 - 3) + 2 - (-6 - 3).
10
What is the value of -1 - 3 - (-8 - (-6 + 6))?
4
Evaluate 9 + 21 + -14 + -8.
8
Evaluate -7 + 3 + 2 - (3 - 3).
-2
What is (1627 - 1589) + (0 - (3 + -3) - 11)?
27
(-79 - -29) + 3 - -50
3
-10 + (8 - 9) + 7 + 4 + -8
-8
9 - (2 + 1 + 1) - (-30 + 30)
5
10 + (19 + -8 - 31)
-10
What is the value of 2 + 6 + 7 + -8 + -12 + 5?
0
What is the value of (68 - 54) + (-8 - -1) + 2 + -2?
7
(0 - -8) + -1 - 1 - 6
0
Evaluate 7 + (12 + -16 - 11).
-8
Evaluate 2 + 6 + (-18 + -2 - (31 + -75)).
32
(1 + -3 - -20) + (-7 - 1)
10
What is -7 + -2 + 8 + 9 - 5?
3
Evaluate (10 - (5 + 2)) + 14 - (-2 - -4).
15
What is the value of -6 - (-43 + 30 + -11)?
18
What is the value of -8 - ((-1 - -8) + -10 + -6 + 12)?
-11
What is -6 + 6 - (-5 + -3 + 4)?
4
49 - (64 + -13) - (23 + 1)
-26
Calculate -2 + 1 + (3 - (8 - (-2 + -1))).
-9
What is (-4 + (4 - 2) - (-4 + -3)) + -10?
-5
Evaluate (-17 - -7) + (47 - 6) - 12.
19
What is 25 + -43 + 12 + 14?
8
What is the value of 3 + (-4 + 0 - (-3 - (3 + -1)))?
4
Calculate (-105 - -16) + 28 - -32.
-29
Evaluate 40 - (-42 + 84) - (5 + -3 + 6).
-10
(23 - (-8 + 6)) + (-93 - -91)
23
Evaluate 12 + -9 + (-2 - -3 - (-28 - -18)).
14
39 + -67 + 26 - (-1 - 4)
3
What is the value of 1 + -10 + (60 - 72) + (0 - -34)?
13
What is the value of (-13 - -4) + 7 + (10 - (-4 + 5))?
7
15 - (16 - 2) - -1
2
Calculate 8 - (21 + -16) - 27 - -16.
-8
What is the value of 1 - (16 + -18 + 11 + 5)?
-13
Evaluate -12 + (-5 + 13 - (-3 - -4)).
-5
Calculate 42 - 50 - (12 - 3) - -21.
4
What is the value of -7 + (-7 - (5 - 12)) + -1 - 7?
-15
Evaluate 1 - (-1 + 1 - (28 - 20) - -29).
-20
Evaluate (7 - 0) + (-14 + 4 - (54 + -58)).
1
-2 + 33 - (-3 - 14 - 0 - -21)
27
What is 6 + 9 + -7 + (3 - 3) + -26?
-18
Calculate 4 - (0 + -6 - ((5 - -1) + -9)).
7
Calculate 2 + -2 - 7 - (-2060 - -2047).
6
What is the value of -13 - 10 - -19 - -47 - 8?
35
Calculate -4 + -2 - (52 - 27 - 25).
-6
Calculate -11 + 6 + (11 + -13 - -10).
3
What is -5 - (5 + -6 - (4 - (4 - -2)))?
-6
Calculate 1 - -13 - (-1353 - -1348).
19
What is the value of 20 - ((28 - -4) + -15)?
3
What is -6 - (20 - 17) - ((-1 - -1) + -34)?
25
What is 33 + (2 - (20 - 10) - 0) + 0?
25
Evaluate (-4 + 5 - 11 - -8) + 15.
13
0 + 7 + 1 + 2 + 3
13
What is the value of 13 + (-29 - (-1 + -2))?
-13
What is the value of -11 - (-1 - 38 - -14) - 10?
4
What is -13 + -11 + -5 + 21?
-8
Calculate -16 - (19 - 46 - -1).
10
Calculate -4 + 14 - (18 + 12 - 18).
-2
Calculate 1 + 30 - (363 + -309).
-23
What is -2 - 12 - ((-11 - -37) + -26)?
-14
What is -3 + 0 + (9 - 12) + -15 + 12?
-9
What is 15 + (-5 - -12 - (2 - -2) - -1)?
19
Evaluate -1 + -3 + -15 + 6 - (-1 - -7).
-19
What is -31 + 28 - (-13 + 3)?
7
Evaluate (-13 - (3 - 8)) + 10.
2
Calculate 68 - 89 - (-5 - -1 - (-3 + 1)).
-19
Evaluate -2 + (9 + -19 - -10).
-2
67 + -17 + 2 + -15 + -15
22
Calculate 2 + 15 + (-62 - -51) + (-4 - -1).
3
-18 - (-2 - (-6 + 10 + 2 + -5))
-15
What is the value of (-3 - 3 - -3) + (35 - 32)?
0